f 147310?
4
What is the millions digit of 1566046?
1
What is the units digit of 826247?
7
What is the millions digit of 19204146?
9
What is the hundred thousands digit of 1811468?
8
What is the units digit of 551724?
4
What is the tens digit of 5177746?
4
What is the tens digit of 97271?
7
What is the tens digit of 4976708?
0
What is the tens digit of 10030439?
3
What is the hundred thousands digit of 3269986?
2
What is the hundred thousands digit of 373713?
3
What is the millions digit of 2080774?
2
What is the thousands digit of 8369859?
9
What is the ten thousands digit of 793073?
9
What is the ten millions digit of 22696489?
2
What is the thousands digit of 1790718?
0
What is the thousands digit of 2064482?
4
What is the thousands digit of 1644807?
4
What is the hundred thousands digit of 4070167?
0
What is the units digit of 1589236?
6
What is the tens digit of 75889?
8
What is the ten millions digit of 11050197?
1
What is the thousands digit of 2063636?
3
What is the tens digit of 47790?
9
What is the ten thousands digit of 876728?
7
What is the tens digit of 160967?
6
What is the thousands digit of 56007?
6
What is the ten thousands digit of 1290026?
9
What is the ten thousands digit of 196284?
9
What is the hundred thousands digit of 2555731?
5
What is the units digit of 133598?
8
What is the hundreds digit of 478456?
4
What is the hundreds digit of 2153328?
3
What is the units digit of 6371089?
9
What is the tens digit of 687262?
6
What is the hundreds digit of 230502?
5
What is the ten thousands digit of 261421?
6
What is the hundreds digit of 5472038?
0
What is the ten thousands digit of 2169852?
6
What is the hundred thousands digit of 168308?
1
What is the thousands digit of 134295?
4
What is the hundred thousands digit of 4579401?
5
What is the ten thousands digit of 1672823?
7
What is the tens digit of 906033?
3
What is the hundred thousands digit of 1053412?
0
What is the units digit of 2886962?
2
What is the hundred thousands digit of 25649573?
6
What is the thousands digit of 1216678?
6
What is the units digit of 1065472?
2
What is the hundred thousands digit of 259337?
2
What is the thousands digit of 9556?
9
What is the hundred thousands digit of 1724926?
7
What is the ten thousands digit of 373224?
7
What is the units digit of 14353?
3
What is the hundred thousands digit of 2056394?
0
What is the units digit of 55682?
2
What is the hundred thousands digit of 584473?
5
What is the hundred thousands digit of 1052667?
0
What is the tens digit of 21007919?
1
What is the ten thousands digit of 749252?
4
What is the ten thousands digit of 2838277?
3
What is the ten thousands digit of 1146123?
4
What is the hundreds digit of 10843327?
3
What is the millions digit of 1361993?
1
What is the hundreds digit of 7573298?
2
What is the units digit of 1671367?
7
What is the hundreds digit of 27773916?
9
What is the tens digit of 8359503?
0
What is the hundred thousands digit of 1363486?
3
What is the ten thousands digit of 2109581?
0
What is the millions digit of 3629040?
3
What is the ten thousands digit of 3515675?
1
What is the ten thousands digit of 331073?
3
What is the hundred thousands digit of 208521?
2
What is the thousands digit of 365998?
5
What is the hundreds digit of 167420?
4
What is the tens digit of 869040?
4
What is the units digit of 19496431?
1
What is the units digit of 529699?
9
What is the tens digit of 3823446?
4
What is the ten thousands digit of 118675?
1
What is the thousands digit of 125241?
5
What is the tens digit of 176438?
3
What is the ten thousands digit of 7546181?
4
What is the thousands digit of 138397?
8
What is the hundreds digit of 185297?
2
What is the units digit of 248357?
7
What is the hundred thousands digit of 2002232?
0
What is the units digit of 948856?
6
What is the thousands digit of 1375283?
5
What is the hundred thousands digit of 16866064?
8
What is the hundreds digit of 481305?
3
What is the millions digit of 1606032?
1
What is the thousands digit of 352457?
2
What is the thousands digit of 38969?
8
What is the units digit of 222936?
6
What is the ten thousands digit of 16294023?
9
What is the hundred thousands digit of 10526224?
5
What is the tens digit of 9386398?
9
What is the hundreds digit of 3504111?
1
What is the hundred thousands digit of 3500421?
5
What is the tens digit of 48358?
5
What is the hundreds digit of 464536?
5
What is the hundreds digit of 24081?
0
What is the thousands digit of 451173?
1
What is the tens digit of 6477904?
0
What is the thousands digit of 155535?
5
What is the thousands digit of 84840?
4
What is the hundred thousands digit of 1330347?
3
What is the units digit of 100479?
9
What is the units digit of 147354?
4
What is the millions digit of 12663177?
2
What is the ten millions digit of 13650292?
1
What is the hundred thousands digit of 4203567?
2
What is the hundreds digit of 104090?
0
What is the hundreds digit of 1400359?
3
What is the thousands digit of 503145?
3
What is the units digit of 148956?
6
What is the hundreds digit of 679374?
3
What is the ten thousands digit of 781377?
8
What is the thousands digit of 655638?
5
What is the hundreds digit of 11532453?
4
What is the units digit of 2175351?
1
What is the units digit of 1123094?
4
What is the hundreds digit of 3115747?
7
What is the hundreds digit of 4539947?
9
What is the thousands digit of 54738?
4
What is the hundreds digit of 20205337?
3
What is the thousands digit of 1255818?
5
What is the thousands digit of 1239950?
9
What is the hundreds digit of 3926155?
1
What is the ten millions digit of 12367000?
1
What is the thousands digit of 96459?
6
What is the hundreds digit of 3450823?
8
What is the tens digit of 18358285?
8
What is the units digit of 230881?
1
What is the hundreds digit of 9098275?
2
What is the millions digit of 1001006?
1
What is the hundred thousands digit of 274947?
2
What is the hundreds digit of 96509?
5
What is the ten thousands digit of 2106994?
0
What is the tens digit of 12456426?
2
What is the tens digit of 6418806?
0
What is the units digit of 247370?
0
What is the hundred thousands digit of 1452242?
4
What is the millions digit of 1109754?
1
What is the tens digit of 12607403?
0
What is the ten millions digit of 14175358?
1
What is the units digit of 572331?
1
What is the hundreds digit of 8001?
0
What is the tens digit of 9598891?
9
What is the hundred thousands digit of 425010?
4
What is the thousands digit of 10417751?
7
What is the ten thousands digit of 4703678?
0
What is the hundreds digit of 2644886?
8
What is the tens digit of 46534?
3
What is the tens digit of 2209489?
8
What is the tens digit of 1633626?
2
What is the ten thousands digit of 750778?
5
What is the ten millions digit of 15827113?
1
What is the tens digit of 142362?
6
What is the ten thousands digit of 37608423?
0
What is the tens digit of 212?
1
What is the thousands digit of 187771?
7
What is the tens digit of 6555515?
1
What is the hundreds digit of 135347?
3
What is the hundreds digit of 815200?
2
What is the thousands digit of 6608810?
8
What is the hundred thousands digit of 23199604?
1
What is the hundred thousands digit of 217800?
2
What is the hundred thousands digit of 1957207?
9
What is the hundred thousands digit of 2863402?
8
What is the tens digit of 293208?
0
What is the units digit of 242341?
1
What is the thousands digit of 546296?
6
What is the ten thousands digit of 9449620?
4
What is the millions digit of 2535792?
2
What is the units digit of 3977126?
6
What is the units digit of 1615902?
2
What is the hundreds digit of 1186782?
7
What is the tens digit of 289104?
0
What is the ten millions digit of 22073035?
2
What is the tens digit of 5060429?
2
What is the hundred thousands digit of 2148089?
1
What is the ten thousands digit of 4192129?
9
What is the tens digit of 2234818?
1
What is the tens digit of 557340?
4
What is the units digit of 620109?
9
What is the thousands digit of 11931?
1
What is the millions digit of 1716244?
1
What is the millions digit of 1128328?
1
What is the ten millions digit of 15584849?
1
What is the tens digit of 8147395?
9
What is the tens digit of 937362?
6
What is the units digit of 26971727?
7
What is the ten thousands digit of 1